Does 161 divide 74501?
False
Is 67 a factor of 1227476?
False
Is 199936 a multiple of 3?
False
Does 330 divide 7578377?
False
Is 1291 a factor of 10336282?
False
Is 12 a factor of 77640?
True
Is 142 a factor of 137644?
False
Is 66 a factor of 920832?
True
Is 2857950 a multiple of 87?
True
Is 40865 a multiple of 5?
True
Is 10 a factor of 77420?
True
Is 13340762 a multiple of 1757?
False
Is 1862 a factor of 6525364?
False
Is 134 a factor of 80630?
False
Is 18 a factor of 38574?
True
Does 459 divide 286138?
False
Is 51 a factor of 271575?
True
Is 18 a factor of 756?
True
Is 8976 a multiple of 16?
True
Is 396 a factor of 224136?
True
Is 569184 a multiple of 12?
True
Does 90 divide 9989370?
True
Does 53 divide 461519?
False
Is 68 a factor of 849728?
True
Does 5 divide 60340?
True
Is 203112 a multiple of 24?
True
Is 249 a factor of 3271746?
False
Is 109 a factor of 441559?
True
Does 11 divide 470250?
True
Is 179 a factor of 4175550?
False
Is 142 a factor of 2184244?
True
Is 8872722 a multiple of 9?
True
Is 134972 a multiple of 41?
True
Is 4564339 a multiple of 602?
False
Is 144066 a multiple of 39?
True
Is 201998 a multiple of 61?
False
Is 38 a factor of 10526?
True
Is 211 a factor of 11512371?
True
Is 21 a factor of 95739?
True
Does 74 divide 32467332?
False
Does 24 divide 218069?
False
Is 61412 a multiple of 4?
True
Does 987 divide 977130?
True
Is 23 a factor of 20194?
True
Is 4280444 a multiple of 196?
True
Does 11 divide 195966?
False
Is 294271 a multiple of 71?
False
Is 38541 a multiple of 5?
False
Does 42 divide 15994759?
False
Does 259 divide 1364412?
True
Is 182 a factor of 255464?
False
Is 593791 a multiple of 11?
True
Is 115148 a multiple of 22?
True
Is 17446 a multiple of 2?
True
Is 276888 a multiple of 573?
False
Is 1722372 a multiple of 12?
True
Is 138 a factor of 16836?
True
Is 32 a factor of 177452?
False
Is 39 a factor of 4668222?
True
Does 294 divide 315368?
False
Is 41 a factor of 1292065?
False
Is 8 a factor of 676136?
True
Is 429 a factor of 1850384?
False
Does 563 divide 10673917?
True
Is 181 a factor of 2212739?
False
Is 54 a factor of 13833234?
True
Does 316 divide 570064?
True
Does 39 divide 310206?
True
Does 280 divide 981960?
True
Is 50 a factor of 1384693?
False
Is 71976 a multiple of 16?
False
Is 514 a factor of 107426?
True
Does 400 divide 995715?
False
Is 17085157 a multiple of 145?
False
Does 52 divide 319644?
True
Does 71 divide 155480?
False
Does 8 divide 1143600?
True
Does 511 divide 344925?
True
Is 13244038 a multiple of 24?
False
Does 65 divide 595836?
False
Does 236 divide 136008?
False
Is 53 a factor of 4196010?
True
Is 7486 a multiple of 19?
True
Is 51395 a multiple of 19?
True
Is 101 a factor of 408835?
False
Is 3854831 a multiple of 5?
False
Is 125685 a multiple of 27?
True
Does 375 divide 2870250?
True
Is 10 a factor of 92740?
True
Is 21 a factor of 2351372?
False
Is 505 a factor of 262887?
False
Does 51 divide 165648?
True
Does 17 divide 54380?
False
Is 500 a factor of 9577000?
True
Is 3020875 a multiple of 277?
False
Does 46 divide 548642?
True
Does 180 divide 271080?
True
Is 59258 a multiple of 32?
False
Does 101 divide 1727908?
True
Is 1027402 a multiple of 6?
False
Is 606 a factor of 308454?
True
Does 173 divide 265901?
True
Does 115 divide 696347?
False
Is 72 a factor of 311544?
True
Does 111 divide 33741?
False
Is 154212 a multiple of 284?
True
Does 10 divide 13737666?
False
Is 119684 a multiple of 232?
False
Does 13 divide 24085694?
False
Is 64 a factor of 51648?
True
Is 15 a factor of 62848?
False
Is 447 a factor of 180639?
False
Is 460697 a multiple of 982?
False
Is 74 a factor of 1998?
True
Does 206 divide 10918?
True
Is 973106 even?
True
Is 474396 a multiple of 28?
False
Is 138 a factor of 837707?
False
Does 211 divide 261644?
False
Does 10 divide 590503?
False
Is 7979700 a multiple of 6?
True
Does 18 divide 5308758?
True
Does 21 divide 41244?
True
Is 59 a factor of 88618?
True
Is 6283 a multiple of 6?
False
Is 11 a factor of 32087?
True
Is 69509 a multiple of 71?
True
Is 2642345 a multiple of 7?
False
Is 2 a factor of 54738?
True
Is 184 a factor of 4600?
True
Is 136113 a multiple of 16?
False
Is 174 a factor of 2372277?
False
Does 51 divide 26469?
True
Is 717416 a multiple of 161?
True
Is 149213 a multiple of 42?
False
Is 176209 a multiple of 55?
False
Is 5060597 a multiple of 30?
False
Is 690144 a multiple of 42?
True
Is 29645 a multiple of 7?
True
Is 173163 a multiple of 343?
False
Is 1116 a factor of 2003311?
False
Is 538808 a multiple of 188?
True
Is 1011792 a multiple of 45?
False
Is 109350 a multiple of 25?
True
Is 14912449 a multiple of 99?
False
Is 509 a factor of 3274906?
True
Is 20 a factor of 49073?
False
Does 271 divide 307229?
False
Does 34 divide 17288?
False
Does 47 divide 13995378?
True
Is 286 a factor of 24518611?
False
Is 19 a factor of 170069?
True
Is 283840 a multiple of 9?
False
Is 1256632 a multiple of 43?
True
Is 113090 a multiple of 927?
False
Is 861320 a multiple of 41?
False
Is 24 a factor of 3058512?
True
Is 5650100 a multiple of 25?
True
Is 14 a factor of 1400536?
False
Is 222657 a multiple of 3?
True
Does 9 divide 148516?
False
Is 5 a factor of 73112?
False
Is 127484 a multiple of 116?
True
Is 76 a factor of 1044666?
False
Does 36 divide 1146852?
True
Is 197058 a multiple of 36?
False
Does 1183 divide 4400684?
False
Is 11 a factor of 4049438?
False
Is 46 a factor of 9193227?
False
Is 964297 a multiple of 421?
False
Is 25517 even?
False
Does 7 divide 133872?
False
Is 3 a factor of 103871?
False
Is 204129 a multiple of 116?
False
Is 343976 a multiple of 95?
False
Does 87 divide 277501?
False
Does 12 divide 1834548?
True
Does 177 divide 172508?
False
Does 6 divide 19896?
True
Does 70 divide 6124267?
False
Is 4 a factor of 18672?
True
Is 154 a factor of 2383114?
False
Does 6 divide 181524?
True
Is 683760 a multiple of 231?
True
Does 8 divide 358680?
True
Is 11115459 a multiple of 19?
False
Does 2 divide 2324632?
True
Is 23 a factor of 5286067?
True
Is 688 a factor of 1369120?
True
Does 3 divide 348992?
False
Does 21 divide 6510395?
False
Is 20 a factor of 74480?
True
Does 21 divide 427370?
False
Is 753 a factor of 7678718?
False
Does 903 divide 2149454?
False
Is 257510 a multiple of 55?
True
Is 35 a factor of 60445?
True
Is 52624 a multiple of 42?
False
Is 86455 a multiple of 4?
False
Is 9 a factor of 56421?
True
Does 673 divide 458986?
True
Is 6 a factor of 444580?
False
Is 9999 a multiple of 17?
False
Is 171 a factor of 133893?
True
Is 10 a factor of 36695?
False
Is 1657 a factor of 33540994?
True
Does 1546 divide 10809873?
False
Does 5 divide 2730572?
False
Is 391347 a multiple of 10?
False
Is 60 a factor of 243840?
True
Is 402693 a multiple of 64?
False
Is 1766893 a multiple of 513?
False
Is 685140 a multiple of 12?
True
Is 103 a factor of 1226004?
False
Is 3576 a multiple of 4?
True
Is 180774 a multiple of 286?
False
Is 15 a factor of 276180?
True
Is 137480 a multiple of 40?
True
Is 1981528 a multiple of 46?
False
Does 607 divide 6040325?
False
Is 2149427 a multiple of 12?
False
Does 27 divide 398142?
True
Does 35 divide 296962?
False
Is 327 a factor of 22761?
False
Does 83 divide 92971?
False
Is 251613 a multiple of 10?
False
Is 65 a factor of 1629250?
False
Is 5081375 a multiple of 325?
True
Is 1771705 a multiple of 4?
False
Is 37 a factor of 17350097?
False
Is 371243 a multiple of 15?
False
Is 1555888 a multiple of 183?
False
Is 541452 a multiple of 14?
False
Does 79 divide 1692496?
True
Is 81 a factor of 2060896?
False
Is 56 a factor of 8268?
False
Is 159753 a multiple of 103?
True
Is 63 a factor of 15291108?
True
Is 46 a factor of 2724074?
True
Is 21 a factor of 358113?
True
Is 482184 a multiple of 888?
True
Does 142 divide 75309?
False
Is 435000 a multiple of 250?
True
Is 6165506 a multiple of 180?
False
Does 51 divide 815694?
True
Is 154368 a multiple of 38?
False
Is 5 a factor of 985585?
True
Is 30 a factor of 1573549?
False
Does 179 divide 384134?
True
Does 18 divide 230740?
False
Does 1175 divide 2303000?
True
Is 4510673 a multiple of 70?
False
Is 160460 a multiple of 58?
False
Is 199176 a multiple of 516?
True
Does 24 divide 619275?
False
Is 1057500 a multiple of 13?
False
Does 28 divide 10928383?
False
Does 643 divide 3347413?
False
Does 16 divide 1